{"id":51,"date":"2021-11-04T18:07:36","date_gmt":"2021-11-04T17:07:36","guid":{"rendered":"https:\/\/www.uli-alto.net\/?page_id=51"},"modified":"2021-11-15T19:21:24","modified_gmt":"2021-11-15T18:21:24","slug":"visite-et-integration","status":"publish","type":"page","link":"https:\/\/www.uli-alto.net\/?page_id=51&lang=fr","title":{"rendered":"Visite et int\u00e9gration"},"content":{"rendered":"\n<div class=\"wp-block-image\"><figure class=\"aligncenter size-full is-resized\"><img loading=\"lazy\" decoding=\"async\" src=\"https:\/\/www.uli-alto.net\/wp-content\/uploads\/2021\/11\/Capture-de\u0301cran-2021-11-15-a\u0300-19.19.29.png\" alt=\"\" class=\"wp-image-99\" width=\"601\" height=\"319\" srcset=\"https:\/\/www.uli-alto.net\/wp-content\/uploads\/2021\/11\/Capture-de\u0301cran-2021-11-15-a\u0300-19.19.29.png 980w, https:\/\/www.uli-alto.net\/wp-content\/uploads\/2021\/11\/Capture-de\u0301cran-2021-11-15-a\u0300-19.19.29-300x159.png 300w, https:\/\/www.uli-alto.net\/wp-content\/uploads\/2021\/11\/Capture-de\u0301cran-2021-11-15-a\u0300-19.19.29-768x408.png 768w\" sizes=\"auto, (max-width: 601px) 100vw, 601px\" \/><\/figure><\/div>\n\n\n\n<h3 class=\"wp-block-heading\">Visite<\/h3>\n\n\n\n<p>On est habitu\u00e9 \u00e0 recevoir des gens en visite tout au long de l\u2019ann\u00e9e. Nos portes sont toujours ouvertes pour un moment de d\u00e9couverte. Pour les p\u00e9riodes plus longues, il faut voir \u00e7a en assembl\u00e9e entre tous les habitants apr\u00e8s avoir fait connaissance. Une participation de chacune et chacun est attendue , autant \u00e9conomiquement qu\u2019\u00e9nerg\u00e9tiquement (c\u2019est a dire qu\u2019il va falloir bouger ton corps!) au village. Les repas se prennent ensemble dans la cuisine. Vous devez d\u00e9j\u00e0 commencer \u00e0 vous faire une id\u00e9e.<\/p>\n\n\n\n<p>Pour nous pr\u00e9venir de ta visite, envoie nous un mail: info@uli-alto.net<\/p>\n\n\n\n<h3 class=\"wp-block-heading\">On offre<\/h3>\n\n\n\n<ul class=\"wp-block-list\"><li>On a un espace d\u2019environ 12m2 pour les visiteurs avec matelas et couvertures.<\/li><li>Une cuisine et une douche, m\u00eame une machine \u00e0 laver, selon le soleil et l\u2019eau.<\/li><li>Un atelier \u00e0 peu pr\u00e8s \u00e9quip\u00e9.<\/li><li>Une connexion au net.<\/li><\/ul>\n\n\n\n<h3 class=\"wp-block-heading\">Pr\u00e9voir.<\/h3>\n\n\n\n<ul class=\"wp-block-list\"><li><strong>De la bonne humeur, c\u2019est le plus important.<\/strong><\/li><li>Une tente en \u00e9t\u00e9.<\/li><li>Des petites courses\u2026Fruits et laitages sont toujours bienvenus.<\/li><li>De quoi couvrir tes vices (alcool, tabac\u2026 \u00e7a passe par l\u00e0 l\u2019autogestion aussi)<\/li><li>Du cash pour partager les frais du village. (parce qu\u2019on participe tous pour tout le monde)<\/li><\/ul>\n","protected":false},"excerpt":{"rendered":"<p>Visite On est habitu\u00e9 \u00e0 recevoir des gens en visite tout au long de l\u2019ann\u00e9e. Nos portes sont toujours ouvertes pour un moment de d\u00e9couverte. Pour les p\u00e9riodes plus longues, il faut voir \u00e7a en assembl\u00e9e entre tous les habitants apr\u00e8s avoir fait connaissance. Une participation de chacune et chacun est attendue , autant \u00e9conomiquement &hellip; <a href=\"https:\/\/www.uli-alto.net\/?page_id=51&#038;lang=fr\" class=\"more-link\">Seguir leyendo <span class=\"screen-reader-text\">Visite et int\u00e9gration<\/span> <span class=\"meta-nav\">&rarr;<\/span><\/a><\/p>\n","protected":false},"author":1,"featured_media":0,"parent":0,"menu_order":0,"comment_status":"closed","ping_status":"closed","template":"","meta":{"footnotes":""},"class_list":["post-51","page","type-page","status-publish","hentry"],"_links":{"self":[{"href":"https:\/\/www.uli-alto.net\/index.php?rest_route=\/wp\/v2\/pages\/51","targetHints":{"allow":["GET"]}}],"collection":[{"href":"https:\/\/www.uli-alto.net\/index.php?rest_route=\/wp\/v2\/pages"}],"about":[{"href":"https:\/\/www.uli-alto.net\/index.php?rest_route=\/wp\/v2\/types\/page"}],"author":[{"embeddable":true,"href":"https:\/\/www.uli-alto.net\/index.php?rest_route=\/wp\/v2\/users\/1"}],"replies":[{"embeddable":true,"href":"https:\/\/www.uli-alto.net\/index.php?rest_route=%2Fwp%2Fv2%2Fcomments&post=51"}],"version-history":[{"count":2,"href":"https:\/\/www.uli-alto.net\/index.php?rest_route=\/wp\/v2\/pages\/51\/revisions"}],"predecessor-version":[{"id":101,"href":"https:\/\/www.uli-alto.net\/index.php?rest_route=\/wp\/v2\/pages\/51\/revisions\/101"}],"wp:attachment":[{"href":"https:\/\/www.uli-alto.net\/index.php?rest_route=%2Fwp%2Fv2%2Fmedia&parent=51"}],"curies":[{"name":"wp","href":"https:\/\/api.w.org\/{rel}","templated":true}]}}